r of 933894 and 2028.
1014
What is the greatest common factor of 912 and 70908?
228
What is the highest common factor of 2547436 and 83?
83
Calculate the highest common factor of 16554 and 124.
62
Calculate the highest common divisor of 54 and 107538.
6
Calculate the greatest common divisor of 162 and 26784.
54
What is the highest common divisor of 342 and 506160?
342
Calculate the greatest common divisor of 8326 and 5474.
46
Calculate the highest common divisor of 243 and 107649.
243
What is the highest common factor of 494276 and 174?
58
What is the highest common factor of 7608876 and 132?
132
What is the greatest common factor of 2007 and 33673?
223
Calculate the greatest common factor of 7194 and 2068.
22
Calculate the highest common divisor of 99888 and 150.
6
What is the greatest common factor of 4934963 and 11?
11
What is the highest common divisor of 47736 and 1116?
36
What is the greatest common divisor of 230385 and 30?
15
Calculate the highest common factor of 89 and 441173.
89
What is the highest common divisor of 8244 and 711274?
458
What is the greatest common factor of 14342 and 303?
101
What is the greatest common factor of 1534089 and 606?
303
Calculate the highest common divisor of 171366 and 26.
26
What is the highest common divisor of 106924 and 8?
4
Calculate the greatest common divisor of 3962 and 12208903.
1981
Calculate the highest common factor of 51584 and 3744.
416
What is the highest common divisor of 4186 and 28?
14
What is the greatest common factor of 77620 and 40?
20
What is the highest common divisor of 2 and 18580?
2
Calculate the greatest common factor of 440680 and 80.
40
What is the highest common divisor of 19490031 and 1507?
1507
What is the highest common divisor of 6888 and 28644?
84
What is the greatest common factor of 23294 and 152?
38
What is the greatest common factor of 408 and 23613?
51
Calculate the highest common factor of 646510 and 884.
34
Calculate the greatest common factor of 80374 and 56.
14
What is the highest common divisor of 539 and 10549?
77
Calculate the highest common divisor of 145444 and 416.
52
Calculate the greatest common divisor of 253456 and 17794.
434
What is the greatest common divisor of 12 and 114524?
4
Calculate the greatest common factor of 1027839 and 2478.
177
Calculate the highest common factor of 485749 and 66.
11
What is the greatest common factor of 1360 and 18768?
272
What is the highest common divisor of 454 and 6310146?
454
Calculate the greatest common factor of 7060 and 860.
20
What is the greatest common divisor of 460 and 100855?
115
What is the greatest common factor of 188080 and 2960?
80
What is the highest common factor of 624 and 282464?
208
What is the greatest common factor of 1121 and 95?
19
What is the greatest common factor of 100326 and 1104?
138
What is the greatest common divisor of 266 and 260414?
266
Calculate the greatest common divisor of 458 and 18952.
2
What is the highest common divisor of 15470 and 13195?
455
Calculate the highest common divisor of 2424 and 2315526.
606
What is the greatest common divisor of 1953 and 3855873?
651
What is the highest common factor of 440 and 366440?
40
What is the highest common factor of 50658 and 18?
6
Calculate the highest common factor of 789548 and 340.
68
Calculate the greatest common divisor of 187 and 1441.
11
What is the highest common divisor of 251216 and 32?
16
What is the highest common divisor of 51 and 2823?
3
Calculate the greatest common factor of 575285 and 5.
5
What is the greatest common divisor of 12789 and 693?
63
Calculate the greatest common factor of 471 and 190441.
157
What is the highest common factor of 91594 and 984?
82
What is the highest common divisor of 278922 and 812?
406
Calculate the greatest common factor of 231 and 256718.
77
What is the highest common divisor of 9230 and 102240?
710
Calculate the highest common factor of 1100 and 35860.
220
Calculate the greatest common divisor of 1102116 and 4.
4
Calculate the highest common divisor of 838188 and 648.
324
What is the greatest common factor of 63 and 12621?
21
What is the highest common divisor of 315 and 40495?
35
What is the greatest common divisor of 15432 and 156?
12
Calculate the highest common divisor of 222 and 450.
6
Calculate the greatest common factor of 275 and 3575.
275
Calculate the highest common divisor of 685 and 75.
5
Calculate the highest common divisor of 9846 and 1577001.
1641
Calculate the highest common factor of 25856 and 12827.
101
Calculate the highest common divisor of 16 and 243504.
16
Calculate the greatest common factor of 10351 and 12749.
11
Calculate the greatest common factor of 1537092 and 72.
36
What is the highest common factor of 799 and 229143?
17
Calculate the highest common factor of 10 and 230915.
5
Calculate the highest common factor of 247546 and 26.
26
What is the greatest common divisor of 1260 and 6?
6
Calculate the highest common divisor of 80 and 42740.
20
Calculate the greatest common factor of 32 and 37728.
32
Calculate the highest common divisor of 17 and 43973.
1
What is the highest common factor of 12 and 42711?
3
What is the highest common factor of 134733 and 3201?
291
What is the greatest common factor of 9692 and 28?
4
What is the highest common factor of 128 and 1677664?
32
Calculate the highest common divisor of 174 and 91437.
87
What is the greatest common divisor of 29500 and 225?
25
What is the greatest common factor of 5568 and 9984?
192
What is the greatest common factor of 7416 and 13896?
72
What is the greatest common factor of 5899867 and 34?
17
Calculate the highest common factor of 54 and 1364877.
27
Calculate the greatest common divisor of 274 and 41374.
274
Calculate the highest common factor of 46740 and 4560.
1140
Calculate the highest common divisor of 2926 and 168.
14
Calculate the greatest common divisor of 21052 and 95.
19
What is the greatest common factor of 26 and 8671?
13
Calculate the greatest common divisor of 892958 and 296.
74
What is the highest common divisor of 245568 and 24?
24
Calculate the highest common factor of 126 and 1339218.
18
Calculate the greatest common factor of 40 and 20344.
8
Calculate the greatest common divisor of 21288 and 2.
2
What is the greatest common factor of 3372 and 12468?
12
Calculate the greatest common factor of 8360 and 352.
88
What is the highest common divisor of 956 and 11?
1
What is the greatest common factor of 53 and 2002499?
53
Calculate the greatest common divisor of 8 and 312712.
8
What is the greatest common factor of 7375 and 81625?
125
Calculate the highest common divisor of 33427 and 11.
1
What is the highest common divisor of 438 and 83074?
146
What is the greatest common factor of 44 and 594660?
44
Calculate the greatest common divisor of 459078 and 456.
114
What is the greatest common factor of 253 and 672221?
253
What is the highest common factor of 10314 and 414?
18
Calculate the highest common divisor of 142535 and 1102.
29
What is the highest common divisor of 18494 and 84?
14
What is the highest common divisor of 17860 and 14820?
380
What is the highest common factor of 3186 and 118?
118
Calculate the greatest common divisor of 132872 and 527.
17
Calculate the highest common factor of 126 and 18729.
9
Calculate the greatest common factor of 904 and 96276.
452
Calculate the greatest common divisor of 10626 and 43516.
506
Calculate the greatest common factor of 373142 and 154.
154
Calculate the greatest common divisor of 426 and 2629059.
213
What is the greatest common divisor of 648 and 95?
1
What is the highest common divisor of 885735 and 5?
5
Calculate the greatest common divisor of 1305040 and 550.
110
Calculate the highest common factor of 141330 and 870.
30
What is the highest common divisor of 263 and 492599?
263
Calculate the greatest common divisor of 462479 and 202.
101
Calculate the greatest common divisor of 73346 and 2294.
62
Calculate the highest common factor of 771 and 7786329.
771
What is the greatest common divisor of 119 and 3114128?
17
What is the highest common divisor of 138749 and 7389?
821
Calculate the greatest common factor of 9272901 and 33.
33
Calculate the highest common divisor of 368 and 124338.
46
Calculate the greatest common divisor of 6883